s the value of 6 + 2 + -2 + (-3 - 4)?
-1
What is the value of (4 - 6 - 3) + 2 + 1?
-2
What is the value of (5 - 3) + -2 - (0 + -3)?
3
Calculate -2 - -2 - (4 - 5) - 5.
-4
(8 + -18 - -9) + 8
7
Evaluate 5 + (10 - -3 - (17 + -9)).
10
Calculate -3 - ((-3 - -1) + (2 - 3)).
0
What is 6 + -3 - (-1 + 4 + -3)?
3
Evaluate 0 - (1 - (-2 - 1)).
-4
What is (0 - -3) + (-8 - 6) - -5?
-6
Evaluate 8 + -5 + -2 + 4.
5
Calculate 14 - ((-5 - -2) + 10).
7
Evaluate -4 + (7 - 7 - -3 - -4).
3
What is -4 - (0 + 2 + 0 + -3)?
-3
Calculate 3 - 7 - (-1 - (-7 - -5)).
-5
What is (-10 - -9) + 2 + 2 + -3?
0
Calculate -8 + 0 - (85 + -85).
-8
Calculate 15 + -8 - (8 + -5 - 1).
5
2 + 2 + -2 - (-1 - -3)
0
What is -21 + 30 + -1 + 2?
10
What is (-3 - (1 + -3)) + 3?
2
Evaluate (0 + 3 - 4) + -13 + 18.
4
Evaluate -4 - ((0 - 2) + (4 - 5)).
-1
What is -7 + 16 - (20 + -2)?
-9
(18 - 27) + -3 + 8
-4
Evaluate 3 + 8 + -8 + 2.
5
Evaluate -2 + 6 + (-1 - 2).
1
Evaluate -1 + (-3 - (0 + 1)).
-5
What is the value of -3 + -3 - (12 - 12 - 6)?
0
What is 34 + -28 - (3 + 0)?
3
Calculate (-3 + 2 - (0 - -2)) + 6.
3
What is -10 + (6 + 0 - -2)?
-2
-12 - -16 - (-1 - -2)
3
What is the value of (8 - -1) + -4 + (-9 - 0)?
-4
What is the value of -6 + 3 + -9 + (13 - 10)?
-9
What is -1 - (-8 - ((3 - 6) + -2))?
2
-1 + 1 - (-10 + 9 - 4)
5
Evaluate (-3 - 2) + -1 + 5.
-1
What is the value of (-1 - 3) + (2 - -2)?
0
-3 - ((-23 - -16) + 0 + 1)
3
Evaluate 4 + -8 + 5 - (0 + 0).
1
What is (5 - -4 - 5) + -2 - -2?
4
What is 9 + -1 + (-2 - -3) + -4?
5
What is (-7 - -11) + 3 + -2?
5
Evaluate -10 - -5 - (-1 - 1) - -4.
1
Evaluate (12 - 11) + 9 + -10.
0
Evaluate (13 + -13 - -2) + -6 + 2.
-2
Calculate -7 + (4 - (-6 - -10) - 1).
-8
Calculate -2 + 4 - -4 - 0.
6
Calculate 0 + -2 - -1 - (4 - 1).
-4
2 + -4 + (6 - -3) + -2
5
Calculate 2 - ((5 - (-8 - -4)) + -3).
-4
What is the value of -6 + (0 - -8) + -7?
-5
What is the value of (2 - -2) + 2 + -1?
5
What is 7 - (12 + -19 + 6)?
8
Calculate -1 + 0 + (1 - -6).
6
(5 + -7 - 7) + 3
-6
Calculate -3 - 2 - (13 + -13).
-5
-11 - (-8 + 1 + (-31 - -32))
-5
What is 16 - 12 - (6 - 1)?
-1
-10 - -3 - (13 - 19)
-1
Calculate 1 + -2 + 3 + -3.
-1
Evaluate 11 + -10 + 6 + -9.
-2
Calculate -4 + (-2 - -3) + 3.
0
Evaluate -8 - -9 - -7 - 9.
-1
What is the value of 10 - (-8 - -1 - -21)?
-4
(-8 - -1) + (-3 - -5)
-5
1 - -3 - (6 + -3)
1
Evaluate (-1 - -1) + (-3 - -4) + -4.
-3
Evaluate 3 - -3 - (10 - (-8 + 9)).
-3
What is -3 + (0 + -3 - -2)?
-4
What is the value of (-8 + 14 - 11) + 1 + 11?
7
Evaluate -3 - (-22 + (9 - 3) + 6).
7
What is 5 - (-2 + 4 - 1)?
4
Calculate (4 - 0) + -1 + 8 + -9.
2
What is the value of 1 - (5 - (-3 - -12)) - 2?
3
Calculate -8 - (3 + -14 + 10).
-7
Evaluate -7 - (-4 + 2) - (-9 + 3).
1
Evaluate -19 + 17 - (1 - (1 + 1)).
-1
What is the value of (3 - (3 + 2 - 2)) + -2?
-2
Evaluate (177 - 178) + (5 - 0).
4
What is 5 - (6 + (-2 - 2) - 0)?
3
(20 - (9 + 3)) + -5
3
Evaluate 2 + -1 + 4 + -2 + 3.
6
Calculate 3 - 0 - (-17 - -17).
3
What is (0 - 0) + -37 + 31?
-6
-2 - -1 - (-1 - (-7 - -6))
-1
Evaluate -5 + (-3 - 2) - -14.
4
Calculate 1 + -3 + 3 + -3.
-2
What is -1 + (-1 - -5) + -5 + 2?
0
Calculate 0 + (-7 - (-3 + -5)) + -5.
-4
Calculate -4 + (-8 - -23) + -8.
3
Calculate (-24 - -24) + (2 + -5 - -2).
-1
-10 - -5 - (-2 - 1 - -1)
-3
What is the value of 0 + -3 + -2 + 4?
-1
What is the value of -23 + 22 + (-1 - 1) - -4?
1
Evaluate (3 - 5) + 4 + (0 - 7).
-5
What is the value of (-3 - (-2 - 0)) + 1 + 3?
3
What is the value of 243 + -233 + (1 - 9)?
2
What is the value of 5 + 4 - (-5 + 6 - -1)?
7
Evaluate 2 - (2 - -1 - 5).
4
4 - (0 + (8 - 11))
7
What is -238 - -231 - (1 - 3)?
-5
What is the value of 18 + 3 + -15 + 2?
8
Evaluate -9 + (-2 + 6 - 0).
-5
What is (0 - 0) + (1 - (-3 + 5))?
-1
Evaluate 2 + (-7 - -3) - (3 + 0).
-5
What is the value of -30 + 34 - (0 + 2)?
2
Evaluate 0 + -1 + 2 - (13 - 9).
-3
What is -13 + 5 + 10 - (7 - -1)?
-6
(-11 + 25 - -5) + -9
10
What is the value of 7 - 1 - (6 - -6 - 3)?
-3
-8 - (-21 + -1 + 6)
8
Evaluate 0 + (-6 + -5 - -14).
3
(6 - -7) + -5 - 7
1
What is -19 - (-7 + -1) - -3?
-8
Calculate 3 - (5 - (0 + -1 + 4)).
1
What is the value of -3 + 14 + (8 - 19)?
0
What is the value of -2 + -2 - (5 - 8)?
-1
What is the value of 3 + (-8 - (-5 - 14)) + -5?
9
Evaluate (1 - 4) + 2 + -3 + 1.
-3
What is the value of -2 + (-9 - -11) + -2?
-2
Evaluate -4 - -7 - (3 + 2).
-2
What is the value of 6 - (-5 + 3) - 10?
-2
Calculate 1 + -5 - (-6 - 3).
5
-9 + 9 - (4 - (-3 - -7))
0
What is the value of (-2 - 1) + 1 + -221 + 230?
7
-9 + 6 + 3 + 2
2
What is the value of -4 + (0 - -1 - 1)?
-4
Evaluate (-4 - (4 + -14 + 1)) + -3.
2
Calculate -7 - -2 - (-4 + 2).
-3
Evaluate -9 + 13 + (0 - 0).
4
What is 5 + (7 - (-4 - -23)) + 1?
-6
17 - (3 - (10 + -18))
6
4 + (-1 + 0 - (23 - 13))
-7
Calculate -12 - (6 + -5 + -8).
-5
Calculate 2 - (-7 - -10) - -6.
5
Calculate (11 - 8) + (-6 - -4).
1
Evaluate -4 - ((-3 + 2 - 2) + 3).
-4
What is 6 - (0 + (6 - 11) - -4)?
7
What is 2 + 5 + -6 - -3?
4
-6 - -4 - (0 - 6)
4
6 + -1 + 58 + -64
-1
-5 + 3 + 2 + (-1 - 2)
-3
Evaluate 2 + -1 + -1 - (2 - 0).
-2
What is -2 - (-2 + -3 + 4)?
-1
What is (-2 - -3) + (0 - -1)?
2
What is the value of -2 + 0 + 4 + 3 - 8?
-3
Calculate 0 - 10 - (4 - 9).
-5
Calculate (-7 - (-5 + -1)) + -2.
-3
1 + -1 - (-30 + 32)
-2
What is the value of 7 - ((-5 - -4) + 4)?
4
(3 - 3) + 7 + -7
0
3 - (-5 - -2) - (6 - 3)
3
What is the value of (-7 - 1) + (6 - (-1 + 2))?
-3
What is the value of (-4 - (4 - (4 - -3))) + -5?
-6
0 + (0 - 2) + 4 - -3
5
Calculate 6 + 7 - (2 - -4).
7
Evaluate -11 - (3 - 25) - 5.
6
Evaluate -3 + 0 + (10 - (12 - -4)).
-9
5 + -12 + 6 + -4 + 11
6
Calculate 0 + 2 - -6 - (-102 - -114).
-4
What is the value of 3 + 10 + (8 - 13)?
8
Evaluate -3 - 1 - 0 - -3 - -3.
2
-2 - (-2 - (12 - (6 - 0)))
6
Calculate (-5 - (8 + -5)) + 3.
-5
What is -3 + -2 + -2 - -1 - -1?
-5
Evaluate -5 + 4 + (3 - 1 - 5).
-4
Calculate -9 + 17 - 3 - 4.
1
0 + (2 - 1) + 0
1
Evaluate 5 + (-13 - -4) + 7.
3
-2 + (-10 - -6) + 9 + 0
3
(1 - (-2 + 4)) + (3 - -1)
3
Evaluate -6 + -1 - (16 + -24).
1
What is 8 + -1 - (-3 - -8)?
2
What is the value of 10 - -3 - (5 - (-7 + 8))?
9
What is -14 + 0 + (8 - -1)?
-5
What is the value of -6 - (-1 + -20) - 12?
3
Evaluate (4 - 4) + -1 - -5.
4
Calculate -8 + 2 - (-38 + 37).
-5
Calculate -1 + -6 + (19 - (3 + 2)).
7
Calculate 2 + (11 - 6) - (27 + -10).
-10
Evaluate (2 - 0 - (1 - 0)) + -1.
0
What is the value of ((0 - 2) + 1 - 2) + -2?
-5
What is (-2 - (-5 + 1)) + (3 - 0)?
5
(6 - 3) + (2 - 0)
5
What is the value of 0 + (6 - (9 + -8))?
5
Evaluate (-3 + 0 - -2) + 4.
3
What is (3 - 4) + 4 + -3 + -3?
-3
Evaluate 2 + -8 + -1 - (-9 + -9).
11
What is the value of -9 + (-1 - -5) + 2?
-3
What is the value of -5 + -2 + 3 + -5 + 8?
-1
Calculate (21 - 14) + (-4 - -2).
5
What is the value of -5 + (2 - -11) - (-1 - -6)?
3
What is the value of (3 - -7 - 5) + -2?
3
What is 4 + -1 - (1 - (-3 - 1))?
-2
Calculate 1 - -1 - (11 + -6 - 6).
3
What is the value of 3 - 1 - (5 + -1 - -2)?
-4
1 + -3 - (-7 + 3 - -3)
-1
What is the value of 5 + (-3 - -1 - (10 + -6))?
-1
Evaluate (4 - 6 - 1) + -1 + 1.
-3
What is the value of 8 + -1 + -1 + (5 - 1)?
10
What is 4 - 1 - (5 - 1)?
-1
-5 + 10 + -4 - 2
-1
What is (-7 - 0 - -5) + -3?
-5
Calculate -3 - (0 + -3 - -4).
-4
What is the value of (-97 - -106) + (-1 - 4)?
4
Evaluate 1 - (10 + (-15 - -6)).
0
2 + (-1 - -3) + 0
4
What is the value of 3 + -7 + (2 - -13) + -8?
3
What is the value of -1 + (8 + (-3 - 1) - 4)?
-1
Calculate 8 + (-10 - 7) + 14.
5
2 - (-10 - (2 - 18))
-4
Evaluate 2 - ((-4 - 0 - -5) + -4).
5
Evaluate -17 + 5 + 7 + 2.
-3
What is (129 - 131) + (7 - 1) + 1?
5
What is the value of 7 - (-2 + 10 + -1)?
0
Evaluate 8 + (-3 - (2 + -3)).
6
What is the value of (2 + 2 - 7) + 6 + -1?
2
What is -3 - (-6 + -1) - -1?
5
Evaluate 5 + 1 - (14 + (-3 - 10)).
5
(2 + 2 - 1) + (11 - 10)
4
What is (0 - 1) + 6 + 2 + -3?
4
What is the value of (-3 - 2) + (-1 - (0 - 9))?
3
What is 9 - (4 + -6 + 10)?
1
What is the value of 1 + (-3 - (-4 - 3)) - 5?
0
What is the value of 11 + -11 - (7 + -3)?
-4
Evaluate 3 + 0 - (-3 + (0 - -1)).
5
4 - (0 + (0 - 4) + 9)
-1
-4 + 16 + (-3 - 4)
5
Evaluate -1 - 7 - (4 + -14 + 5).
-3
Evaluate (2 + 1 - 8 - -8) + 5.
8
What is the value of (-8 - 3) + 26 - 8?
7
Evaluate -2 - (2 - 9) - (-4 - -5).
4
What is the value of (-3 - 0) + 7 + 5?
9
Evaluate 2 - -7 - (